 + 2/6)*3. What is the highest common factor of 12 and b?
4
Let t(n) = -45*n. Let m = -2 + 1. Let f be t(m). What is the highest common divisor of 18 and f?
9
Let s = 75 - 50. What is the highest common factor of 5 and s?
5
Suppose j = -2*p + 59, 2*p - 22 = 2*j + 22. What is the greatest common divisor of 9 and p?
9
Suppose 0 = -6*a + 3*a + 6. Suppose 208 = a*x + x - 4*r, 4*x = 5*r + 276. Suppose -f + 6 + 2 = 0. What is the greatest common divisor of x and f?
8
Let l be (-1)/3 - (-32)/6. What is the greatest common divisor of l and 20?
5
Let f be (216/(-14))/((-6)/63). Calculate the highest common divisor of f and 18.
18
Suppose -2*c - 26 = -4*u - 0, u + 7 = 5*c. Suppose u*v + 12 = 4*v, -5*p = v - 27. What is the greatest common factor of p and 24?
6
Let o(k) = 4*k - k**2 + 6 + 0*k**2 + 2*k**2. Let u be 3/9 + (-64)/12. Let m be o(u). What is the greatest common factor of 99 and m?
11
Let p(i) = 99*i. Suppose 0 = 3*a + 2*a - 5. Let z be p(a). Suppose -3*h + 11 + 16 = 0. What is the highest common divisor of z and h?
9
Let l be 12/(-16)*2*-2. Let v(z) = z**3 - z**2 - 3*z + 3. Let k be v(l). Calculate the greatest common divisor of k and 12.
12
Let b(c) = c**2 + 21. Let o be b(6). What is the greatest common factor of 38 and o?
19
Let h(j) = j**3 - j**2 + 2*j + 3. Let w be h(-2). Let d = 0 - w. Let b be 2*1/2 + 12. What is the greatest common factor of b and d?
13
Suppose 0 = 2*a - a + 3*k - 124, 2*a - 3*k = 266. Let g be (7/(-2))/((-5)/a). Calculate the highest common divisor of 13 and g.
13
Suppose 0 = -5*z + 4*w + 41, -2*z + 2 = 4*w - 2*w. Suppose -z*c = 209 + 161. Let d = c - -104. Calculate the highest common factor of d and 20.
10
Suppose -3*u + 133 + 29 = 0. Calculate the highest common divisor of 6 and u.
6
Let g be 6 + (-2 - 0) + 4. Suppose -g*t + 32 = -4*t. Calculate the highest common factor of 24 and t.
8
Let b be 14 + (2 - -2)/4. Calculate the highest common factor of 45 and b.
15
Let v be 1 - (1 - 0) - -90. Let f = -9 - -9. Suppose f = 2*h - 10, 25 = 4*i - 2*h - h. What is the greatest common divisor of i and v?
10
Let o(f) = 3*f + 3. Let k be (-12)/2*(-8)/(-12). Let g = k + 7. Let u be o(g). What is the highest common factor of 48 and u?
12
Let r(w) = w + 13. Let p be r(7). What is the greatest common divisor of p and 60?
20
Let z = -45 - -58. What is the greatest common divisor of z and 104?
13
Let g be (21/5 - 1)*20. Let y be g + (0/1)/2. Suppose 18 + 60 = 4*v - 5*z, -4*v - 2*z = -y. What is the greatest common divisor of v and 34?
17
Let j = -35 + 59. Let h = j + -4. What is the highest common factor of h and 10?
10
Let x = 5 - 7. Let c be 56/6*(-6)/x. Suppose n + 1 = 0, 4*w + 5*n - 26 = -3. What is the highest common factor of c and w?
7
Suppose -o = -4*t - 20, t - 2*t = 3*o - 21. What is the highest common divisor of o and 72?
8
Let o(k) = 3*k**2 - 29*k + 11. Let m be o(10). Let c be (6/(-5))/(2/(-70)). Calculate the greatest common divisor of c and m.
21
Let s(n) = n**2 + 8*n + 9. Let t be s(-7). Suppose -3 = -4*k - z + t, 4*z + 22 = 5*k. Suppose -k*m = -0*m - 4. What is the greatest common divisor of m and 2?
2
Suppose -4*s = f - 4 + 1, 5*s - 3*f = 25. Calculate the greatest common factor of s and 1.
1
Let b(l) = 5*l - 9. Let u be b(3). What is the highest common divisor of u and 12?
6
Suppose 0 = -4*o + 4*d - d + 1922, 0 = 4*o - 2*d - 1920. Let g = o + -334. What is the greatest common divisor of 58 and g?
29
Let h = 31 + -18. Suppose 4*g + 168 = 532. What is the highest common factor of g and h?
13
Suppose 5*t - 13 = 4*t - 3*b, -2*b = -4. Let x = -52 + 73. What is the greatest common factor of t and x?
7
Let u(j) be the third derivative of j**4/2 - j**3/2 + 2*j**2. Let n be (9/(-12))/(3/(-8)). Let v be u(n). Calculate the highest common factor of 42 and v.
21
Let o = -124 - -62. Let m = o - -97. Suppose r - 14 = -r. What is the greatest common divisor of m and r?
7
Let c be (-1)/3 - (-1392)/72. Calculate the greatest common factor of c and 38.
19
Suppose -k + 1 = -j, 4*k = -j - 2*j + 18. Suppose k*h - 4*h = -8. Calculate the greatest common divisor of h and 2.
2
Let o = 8 + -5. Suppose o*k + 5 = 65. Let g be 26/8 + 15/k. What is the highest common divisor of 2 and g?
2
Suppose 2*i - h = -0*h + 17, 3*i + 4*h = 20. What is the greatest common factor of 20 and i?
4
Let x be 12/(-2 + 12/3). Calculate the greatest common factor of x and 3.
3
Suppose i = 2*i + k, 5*i = 2*k + 7. Let t be i + 1 + 1*16. Let v be 1/((-3)/(-6)) + t. Calculate the highest common divisor of 30 and v.
10
Suppose 4*u - 21 = 4*l + 3, -3*u + 4*l + 21 = 0. Let p = u - 2. Let v be p + 6 - (-6)/3. Calculate the highest common factor of v and 27.
9
Suppose -50 = 5*q + 20. Let o be (-54)/42 - 4/q. Let a be (-4)/(0 + o)*1. Calculate the highest common divisor of 32 and a.
4
Suppose 5*j + 12 = 7*j. Suppose -j*f - 57 = -9*f. What is the greatest common factor of f and 209?
19
Let c(r) = 60*r**2 + 2. Let d be c(2). What is the greatest common divisor of d and 22?
22
Let z be (-4 + -8 + 1)*-2. Let l be -22*(1 + (-5)/2). What is the greatest common factor of z and l?
11
Suppose -2*k = -k - 16. Calculate the highest common factor of k and 40.
8
Let g = 16 - 8. Let b(a) = -a**3 + 3*a**2 + 3. Let z be b(3). Suppose 0 = -2*f, -2*p - z*f + 6*f = -112. What is the greatest common factor of p and g?
8
Suppose 97 = -4*a + 4*c - 31, -4*a - 149 = 3*c. Let l be (84/a)/((-2)/10). Calculate the greatest common divisor of 108 and l.
12
Let d(s) = -2*s - 5. Let o be d(-6). Suppose 0 = 12*z - o*z - 550. What is the greatest common factor of 10 and z?
10
Let d(k) = k + 9. Let z(j) = -j + 4. Let c be z(8). Let w be d(c). Let x(i) = -i**2 + 6*i - 1. Let b be x(w). What is the greatest common factor of b and 4?
4
Suppose 5*h = h - 12. Let j be (h/(-6))/((-2)/(-12)). Calculate the highest common divisor of 33 and j.
3
Let b(g) = g + 10. Let k be b(-10). Let y be k + 1 - (-28 - 1). What is the highest common factor of 12 and y?
6
Let v be 4/((15/20)/(75/8)). What is the highest common factor of v and 125?
25
Let g(a) = -a**2 + 3*a + 6. Let y be g(5). Let t(k) = -2*k**3 + 2*k**2 - 5*k - 5. Let u be t(y). Calculate the highest common divisor of 25 and u.
25
Let u be (10/(-4))/((-22)/44). Let a be ((-15)/2 + 0)*-2. What is the highest common divisor of a and u?
5
Suppose -7*l = -2*l + 25. Let t(k) = k**2 - 3*k + 6. Let z be t(l). Calculate the greatest common divisor of 115 and z.
23
Suppose -5*r + v = -0*r - 19, -5*r - 5*v - 5 = 0. Suppose 0 = 4*x - i - 23, r*x - x = 4*i + 8. Calculate the greatest common divisor of x and 2.
2
Suppose 3*u - 22 = -2*u + b, 4*b = 2*u - 16. Calculate the highest common divisor of u and 24.
4
Let y(m) = 4 + 7*m - 3*m**2 + 0*m**2 - m**2 + 3*m**2. Let c be y(6). Calculate the highest common divisor of c and 5.
5
Let v(a) = -5*a - 1. Let h be v(-6). Let n = -9 + h. Calculate the greatest common divisor of n and 10.
10
Suppose 9 + 15 = 4*x. Let w = 7 - x. Suppose 10*i = 5*i + 40. Calculate the greatest common factor of i and w.
1
Suppose 0 = 5*s - 2*s - 60. Let g(n) = -n**2 - n - 1. Let v be g(-1). Let m be (-42)/(-9) - v/3. What is the greatest common divisor of s and m?
5
Suppose 3*o = -3*o + 96. Calculate the greatest common divisor of 64 and o.
16
Let x be (-1725)/(-9) - (-4)/(-6). Let k = x + -107. Let l = k - 57. What is the highest common factor of 18 and l?
9
Suppose -4*c = -4, g + 3*g - 130 = -2*c. Suppose s - h - 9 = 0, -3*s = -6*s - 2*h + 17. Let b = s - 3. What is the highest common factor of b and g?
4
Let o = -22 - -32. Let p(q) = -1 - q + 2 + 5 + 2. Let i be p(-12). What is the highest common divisor of i and o?
10
Let u be 6/(-3 + 0) + 8. Let k be u/(-1 + (-21)/(-12)). What is the greatest common divisor of 64 and k?
8
Suppose 3*i = 39 + 42. Suppose 5*t + 477 = 1962. Calculate the highest common divisor of i and t.
27
Suppose 5*p + 0*p - 5*h = 40, 4 = 2*p - 5*h. Let x be 837/p + 1/4. Calculate the greatest common factor of 10 and x.
10
Let u(s) = -4*s**3 + 3*s - 2. Let z be u(2). Let x = z + 40. Calculate the highest common factor of x and 18.
6
Suppose 0 = 2*o + 6*x - 4*x - 202, -4*o + 401 = 3*x. Let t = -59 - -31. Let p be (-3)/(-2)*t/(-3). What is the highest common divisor of o and p?
14
Suppose 2*z - z = 14. Let t = -13 - -2. Let f = t + 2